{"id":35,"date":"2011-08-05T11:54:20","date_gmt":"2011-08-05T11:54:20","guid":{"rendered":"http:\/\/www.theatredufiguier.com\/?page_id=35"},"modified":"2017-04-25T19:24:18","modified_gmt":"2017-04-25T17:24:18","slug":"biographie","status":"publish","type":"page","link":"https:\/\/www.theatredufiguier.com\/?page_id=35","title":{"rendered":"Biographie"},"content":{"rendered":"<h1>Fabien Lalaux<\/h1>\n<p>C\u2019est un stage de th\u00e9\u00e2tre qui a tout d\u00e9clench\u00e9\u00a0\u2026\u00a0Sept jours pleins, a\u00e9riens, solaires\u2026 Sept jours r\u00e9v\u00e9lateurs\u2026 Tr\u00e8s vite, le th\u00e9\u00e2tre allait devenir une \u00e9vidence\u2026\u00a0 Je multiplie les exp\u00e9riences th\u00e9\u00e2trales\u00a0: spectacles,\u00a0 stages,\u00a0 mise en sc\u00e8ne,\u00a0 \u00e9critures, ateliers\u2026 Mais cette fr\u00e9n\u00e9sie trouve ses limites, je ressens le besoin d\u2019aller plus loin. En 1996, je rejoins Paris et l\u2019Ecole Internationale de Th\u00e9\u00e2tre Jacques Lecoq. Deux ann\u00e9es de d\u00e9couvertes intenses\u00a0: masque neutre, improvisation, com\u00e9die humaine, clown\u2026 clown\u00a0!<\/p>\n<p>En 1999, de retour \u00e0 Bordeaux, diff\u00e9rentes compagnies m\u2019engagent comme com\u00e9dien\u2026 J\u2019apprends le m\u00e9tier\u2026 Spectacles jeunes publics, actions p\u00e9dagogiques en milieux scolaires, ateliers de cr\u00e9ation, pi\u00e8ces classiques, th\u00e9\u00e2tre en entreprises, tournages pour la t\u00e9l\u00e9 et le cin\u00e9ma, mises en sc\u00e8ne\u2026<\/p>\n<p>En 2008, apr\u00e8s plusieurs brouillons sc\u00e9niques\u00a0 pr\u00e9sent\u00e9s \u00e0 des amis, <strong>mon clown \u00ab\u00a0Roland\u00a0\u00bb<\/strong>, entrevu dix ans plus t\u00f4t \u00e0 l\u2019\u00e9cole\u00a0 Jacques Lecoq, refait surface. <strong>Je cr\u00e9e la com\u00e9die clownesque intitul\u00e9e \u00ab\u00a0Roland\u00a0\u00bb.<\/strong><\/p>\n<h1><\/h1>\n","protected":false},"excerpt":{"rendered":"<p>Fabien Lalaux C&rsquo;est un stage de th&eacute;&acirc;tre qui a tout d&eacute;clench&eacute;&nbsp;&hellip;&nbsp;Sept jours pleins, a&eacute;riens, solaires&hellip; Sept jours r&eacute;v&eacute;lateurs&hellip; Tr&egrave;s vite, le th&eacute;&acirc;tre allait devenir une &eacute;vidence&hellip;&nbsp; Je multiplie les exp&eacute;riences th&eacute;&acirc;trales&nbsp;: spectacles,&nbsp; stages,&nbsp; mise en sc&egrave;ne,&nbsp; &eacute;critures, ateliers&hellip; Mais cette fr&eacute;n&eacute;sie trouve ses limites, je ressens le besoin d&rsquo;aller plus loin. En 1996, je rejoins [&hellip;]<\/p>\n","protected":false},"author":1,"featured_media":0,"parent":0,"menu_order":0,"comment_status":"open","ping_status":"open","template":"","meta":{"ngg_post_thumbnail":0,"footnotes":""},"class_list":["post-35","page","type-page","status-publish","hentry"],"_links":{"self":[{"href":"https:\/\/www.theatredufiguier.com\/index.php?rest_route=\/wp\/v2\/pages\/35","targetHints":{"allow":["GET"]}}],"collection":[{"href":"https:\/\/www.theatredufiguier.com\/index.php?rest_route=\/wp\/v2\/pages"}],"about":[{"href":"https:\/\/www.theatredufiguier.com\/index.php?rest_route=\/wp\/v2\/types\/page"}],"author":[{"embeddable":true,"href":"https:\/\/www.theatredufiguier.com\/index.php?rest_route=\/wp\/v2\/users\/1"}],"replies":[{"embeddable":true,"href":"https:\/\/www.theatredufiguier.com\/index.php?rest_route=%2Fwp%2Fv2%2Fcomments&post=35"}],"version-history":[{"count":6,"href":"https:\/\/www.theatredufiguier.com\/index.php?rest_route=\/wp\/v2\/pages\/35\/revisions"}],"predecessor-version":[{"id":80,"href":"https:\/\/www.theatredufiguier.com\/index.php?rest_route=\/wp\/v2\/pages\/35\/revisions\/80"}],"wp:attachment":[{"href":"https:\/\/www.theatredufiguier.com\/index.php?rest_route=%2Fwp%2Fv2%2Fmedia&parent=35"}],"curies":[{"name":"wp","href":"https:\/\/api.w.org\/{rel}","templated":true}]}}